{"id":428339,"date":"2024-08-27T10:00:42","date_gmt":"2024-08-27T17:00:42","guid":{"rendered":"https:\/\/www.santamonica.com\/?post_type=tribe_events&#038;p=428339"},"modified":"2024-08-27T10:00:42","modified_gmt":"2024-08-27T17:00:42","slug":"lookin-for-a-cure-ocular-melanoma-5k-santa-monica","status":"publish","type":"tribe_events","link":"https:\/\/www.santamonica.com\/pt\/event\/lookin-for-a-cure-ocular-melanoma-5k-santa-monica\/","title":{"rendered":"Lookin\u2019 for a Cure: Ocular Melanoma 5K Santa Monica"},"content":{"rendered":"<p>\u201cEste ano, o \u2019Lookin\u201d for a Cure\" sai do Oceano Pac\u00edfico. Junte-se \u00e0 A Cure in Sight e \u00e0 USC no s\u00e1bado, 28 de setembro, para caminhar ou correr essa corrida de 5 km. Eles tomar\u00e3o medidas para encontrar uma cura para um c\u00e2ncer ocular raro, o melanoma ocular. A American Cancer Society estima que o melanoma ocular tenha cerca de 3.000 novos casos por ano. Aqui no sul da Calif\u00f3rnia, a USC est\u00e1 trabalhando arduamente para monitorar e tratar pacientes com riscos de melanoma ocular ou que estejam sofrendo de doen\u00e7a metast\u00e1tica.<\/p>\n<p><a href=\"https:\/\/runsignup.com\/Race\/CA\/SantaMonica\/LookinForACureLosAngeles\" target=\"_blank\" rel=\"noopener\">Saiba mais.<\/a><\/p>","protected":false},"excerpt":{"rendered":"<p>&#8220;Lookin&#8217; for a Cure&#8221; steps from the Pacific Ocean this year. Join A Cure in Sight and USC on Saturday, September 28th to walk or run this 5k.\u00a0They will be [&hellip;]<\/p>\n","protected":false},"author":1450,"featured_media":428343,"template":"","meta":{"_acf_changed":false,"inline_featured_image":false,"_tribe_events_status":"","_tribe_events_status_reason":"","_tribe_events_is_hybrid":"","_tribe_events_is_virtual":"","_tribe_events_virtual_video_source":"","_tribe_events_virtual_embed_video":"","_tribe_events_virtual_linked_button_text":"","_tribe_events_virtual_linked_button":"","_tribe_events_virtual_show_embed_at":"","_tribe_events_virtual_show_embed_to":[],"_tribe_events_virtual_show_on_event":"","_tribe_events_virtual_show_on_views":"","_tribe_events_virtual_url":"","footnotes":""},"tags":[],"neighborhoods":[3528],"tribe_events_cat":[3598,3601],"class_list":["post-428339","tribe_events","type-tribe_events","status-publish","has-post-thumbnail","hentry","neighborhoods-downtown-santa-monica-third-street-promenade","tribe_events_cat-fitness","tribe_events_cat-other","cat_fitness","cat_other"],"acf":[],"_links":{"self":[{"href":"https:\/\/www.santamonica.com\/pt\/wp-json\/wp\/v2\/tribe_events\/428339","targetHints":{"allow":["GET"]}}],"collection":[{"href":"https:\/\/www.santamonica.com\/pt\/wp-json\/wp\/v2\/tribe_events"}],"about":[{"href":"https:\/\/www.santamonica.com\/pt\/wp-json\/wp\/v2\/types\/tribe_events"}],"author":[{"embeddable":true,"href":"https:\/\/www.santamonica.com\/pt\/wp-json\/wp\/v2\/users\/1450"}],"version-history":[{"count":3,"href":"https:\/\/www.santamonica.com\/pt\/wp-json\/wp\/v2\/tribe_events\/428339\/revisions"}],"predecessor-version":[{"id":428518,"href":"https:\/\/www.santamonica.com\/pt\/wp-json\/wp\/v2\/tribe_events\/428339\/revisions\/428518"}],"wp:featuredmedia":[{"embeddable":true,"href":"https:\/\/www.santamonica.com\/pt\/wp-json\/wp\/v2\/media\/428343"}],"wp:attachment":[{"href":"https:\/\/www.santamonica.com\/pt\/wp-json\/wp\/v2\/media?parent=428339"}],"wp:term":[{"taxonomy":"post_tag","embeddable":true,"href":"https:\/\/www.santamonica.com\/pt\/wp-json\/wp\/v2\/tags?post=428339"},{"taxonomy":"neighborhoods","embeddable":true,"href":"https:\/\/www.santamonica.com\/pt\/wp-json\/wp\/v2\/neighborhoods?post=428339"},{"taxonomy":"tribe_events_cat","embeddable":true,"href":"https:\/\/www.santamonica.com\/pt\/wp-json\/wp\/v2\/tribe_events_cat?post=428339"}],"curies":[{"name":"wp","href":"https:\/\/api.w.org\/{rel}","templated":true}]}}

<p>“Este ano, o ’Lookin” for a Cure" sai do Oceano Pacífico. Junte-se à A Cure in Sight e à USC no sábado, 28 de setembro, para caminhar ou correr essa corrida de 5 km. Eles tomarão medidas para encontrar uma cura para um câncer ocular raro, o melanoma ocular. A American Cancer Society estima que o melanoma ocular tenha cerca de 3.000 novos casos por ano. Aqui no sul da Califórnia, a USC está trabalhando arduamente para monitorar e tratar pacientes com riscos de melanoma ocular ou que estejam sofrendo de doença metastática.</p>
<p><a href="https://runsignup.com/Race/CA/SantaMonica/LookinForACureLosAngeles" target="_blank" rel="noopener">Saiba mais.</a></p>
