{"id":113500,"date":"2016-12-02T13:41:00","date_gmt":"2016-12-02T21:41:00","guid":{"rendered":"https:\/\/www.santamonica.com\/?post_type=tribe_events&#038;p=113500"},"modified":"2016-12-02T13:41:00","modified_gmt":"2016-12-02T21:41:00","slug":"aero-teatro-das-ardenas","status":"publish","type":"tribe_events","link":"https:\/\/www.santamonica.com\/pt\/event\/aero-theatre-the-ardennes\/","title":{"rendered":"Aero Theatre Apresenta: As Ardenas"},"content":{"rendered":"<p><em>Discuss\u00e3o ap\u00f3s o filme com o diretor Robin <\/em>Pront<em> e o ator principal Kevin Janssens. Em seguida, haver\u00e1 uma recep\u00e7\u00e3o com cerveja belga.<\/em><br \/>\nO roubo mal-sucedido que d\u00e1 in\u00edcio ao longa-metragem de estreia do diretor Robin Pront cria uma cis\u00e3o entre dois irm\u00e3os: Kenny (Kevin Janssens), que \u00e9 condenado pelo crime, e Dave (Jeroen Perceval), que consegue escapar. Quando Kenny recebe liberdade condicional depois de anos na pris\u00e3o, ele luta para se adaptar \u00e0 vida normal, enquanto Dave luta para esconder seu relacionamento com a ex-namorada de Kenny (Veerle Baetens). A tens\u00e3o aumenta constantemente desde o in\u00edcio desse drama tenso at\u00e9 seu cl\u00edmax de virar a cabe\u00e7a na Floresta das Ardenas, na B\u00e9lgica. Em flamengo e franc\u00eas com legendas em ingl\u00eas.<\/p>","protected":false},"excerpt":{"rendered":"<p>Discussion after the feature with director Robin Pront and lead actor Kevin Janssens. Belgian beer reception to follow. The botched robbery that kicks off director Robin Pront\u2019s feature debut drives [&hellip;]<\/p>\n","protected":false},"author":1450,"featured_media":113503,"template":"","meta":{"_acf_changed":false,"inline_featured_image":false,"_tribe_events_status":"","_tribe_events_status_reason":"","_tribe_events_is_hybrid":"","_tribe_events_is_virtual":"","_tribe_events_virtual_video_source":"","_tribe_events_virtual_embed_video":"","_tribe_events_virtual_linked_button_text":"","_tribe_events_virtual_linked_button":"","_tribe_events_virtual_show_embed_at":"","_tribe_events_virtual_show_embed_to":[],"_tribe_events_virtual_show_on_event":"","_tribe_events_virtual_show_on_views":"","_tribe_events_virtual_url":"","footnotes":""},"tags":[],"neighborhoods":[3338],"tribe_events_cat":[3595],"class_list":["post-113500","tribe_events","type-tribe_events","status-publish","has-post-thumbnail","hentry","neighborhoods-montana-avenue","tribe_events_cat-theatreperformance","cat_theatreperformance"],"acf":[],"_links":{"self":[{"href":"https:\/\/www.santamonica.com\/pt\/wp-json\/wp\/v2\/tribe_events\/113500","targetHints":{"allow":["GET"]}}],"collection":[{"href":"https:\/\/www.santamonica.com\/pt\/wp-json\/wp\/v2\/tribe_events"}],"about":[{"href":"https:\/\/www.santamonica.com\/pt\/wp-json\/wp\/v2\/types\/tribe_events"}],"author":[{"embeddable":true,"href":"https:\/\/www.santamonica.com\/pt\/wp-json\/wp\/v2\/users\/1450"}],"version-history":[{"count":0,"href":"https:\/\/www.santamonica.com\/pt\/wp-json\/wp\/v2\/tribe_events\/113500\/revisions"}],"wp:featuredmedia":[{"embeddable":true,"href":"https:\/\/www.santamonica.com\/pt\/wp-json\/wp\/v2\/media\/113503"}],"wp:attachment":[{"href":"https:\/\/www.santamonica.com\/pt\/wp-json\/wp\/v2\/media?parent=113500"}],"wp:term":[{"taxonomy":"post_tag","embeddable":true,"href":"https:\/\/www.santamonica.com\/pt\/wp-json\/wp\/v2\/tags?post=113500"},{"taxonomy":"neighborhoods","embeddable":true,"href":"https:\/\/www.santamonica.com\/pt\/wp-json\/wp\/v2\/neighborhoods?post=113500"},{"taxonomy":"tribe_events_cat","embeddable":true,"href":"https:\/\/www.santamonica.com\/pt\/wp-json\/wp\/v2\/tribe_events_cat?post=113500"}],"curies":[{"name":"wp","href":"https:\/\/api.w.org\/{rel}","templated":true}]}}

<p><em>Discussão após o filme com o diretor Robin </em>Pront<em> e o ator principal Kevin Janssens. Em seguida, haverá uma recepção com cerveja belga.</em><br />
O roubo mal-sucedido que dá início ao longa-metragem de estreia do diretor Robin Pront cria uma cisão entre dois irmãos: Kenny (Kevin Janssens), que é condenado pelo crime, e Dave (Jeroen Perceval), que consegue escapar. Quando Kenny recebe liberdade condicional depois de anos na prisão, ele luta para se adaptar à vida normal, enquanto Dave luta para esconder seu relacionamento com a ex-namorada de Kenny (Veerle Baetens). A tensão aumenta constantemente desde o início desse drama tenso até seu clímax de virar a cabeça na Floresta das Ardenas, na Bélgica. Em flamengo e francês com legendas em inglês.</p>
