{"id":428339,"date":"2024-08-27T10:00:42","date_gmt":"2024-08-27T17:00:42","guid":{"rendered":"https:\/\/www.santamonica.com\/?post_type=tribe_events&#038;p=428339"},"modified":"2024-08-27T10:00:42","modified_gmt":"2024-08-27T17:00:42","slug":"buscando-una-cura-para-el-melanoma-ocular-5k-santa-monica","status":"publish","type":"tribe_events","link":"https:\/\/www.santamonica.com\/es\/event\/lookin-for-a-cure-ocular-melanoma-5k-santa-monica\/","title":{"rendered":"En busca de una cura: Melanoma ocular 5K Santa M\u00f3nica"},"content":{"rendered":"<p>\u201cLookin\u2019 for a Cure\u201d sale este a\u00f1o del Oc\u00e9ano Pac\u00edfico. \u00danase a A Cure in Sight y a la USC el s\u00e1bado 28 de septiembre para caminar o correr estos 5 km. Dar\u00e1n pasos para encontrar una cura para un c\u00e1ncer ocular poco com\u00fan, el melanoma ocular. La Sociedad Americana contra el C\u00e1ncer estima que cada a\u00f1o se diagnostican aproximadamente 3000 nuevos casos de melanoma ocular. Aqu\u00ed, en el sur de California, la USC trabaja arduamente para monitorear y tratar a los pacientes con riesgo de melanoma ocular o que padecen una enfermedad metast\u00e1sica.<\/p>\n<p><a href=\"https:\/\/runsignup.com\/Race\/CA\/SantaMonica\/LookinForACureLosAngeles\" target=\"_blank\" rel=\"noopener\">M\u00e1s informaci\u00f3n.<\/a><\/p>","protected":false},"excerpt":{"rendered":"<p>&#8220;Lookin&#8217; for a Cure&#8221; steps from the Pacific Ocean this year. Join A Cure in Sight and USC on Saturday, September 28th to walk or run this 5k.\u00a0They will be [&hellip;]<\/p>\n","protected":false},"author":1450,"featured_media":428343,"template":"","meta":{"_acf_changed":false,"inline_featured_image":false,"_tribe_events_status":"","_tribe_events_status_reason":"","_tribe_events_is_hybrid":"","_tribe_events_is_virtual":"","_tribe_events_virtual_video_source":"","_tribe_events_virtual_embed_video":"","_tribe_events_virtual_linked_button_text":"","_tribe_events_virtual_linked_button":"","_tribe_events_virtual_show_embed_at":"","_tribe_events_virtual_show_embed_to":[],"_tribe_events_virtual_show_on_event":"","_tribe_events_virtual_show_on_views":"","_tribe_events_virtual_url":"","footnotes":""},"tags":[],"neighborhoods":[3528],"tribe_events_cat":[3598,3601],"class_list":["post-428339","tribe_events","type-tribe_events","status-publish","has-post-thumbnail","hentry","neighborhoods-downtown-santa-monica-third-street-promenade","tribe_events_cat-fitness","tribe_events_cat-other","cat_fitness","cat_other"],"acf":[],"_links":{"self":[{"href":"https:\/\/www.santamonica.com\/es\/wp-json\/wp\/v2\/tribe_events\/428339","targetHints":{"allow":["GET"]}}],"collection":[{"href":"https:\/\/www.santamonica.com\/es\/wp-json\/wp\/v2\/tribe_events"}],"about":[{"href":"https:\/\/www.santamonica.com\/es\/wp-json\/wp\/v2\/types\/tribe_events"}],"author":[{"embeddable":true,"href":"https:\/\/www.santamonica.com\/es\/wp-json\/wp\/v2\/users\/1450"}],"version-history":[{"count":3,"href":"https:\/\/www.santamonica.com\/es\/wp-json\/wp\/v2\/tribe_events\/428339\/revisions"}],"predecessor-version":[{"id":428518,"href":"https:\/\/www.santamonica.com\/es\/wp-json\/wp\/v2\/tribe_events\/428339\/revisions\/428518"}],"wp:featuredmedia":[{"embeddable":true,"href":"https:\/\/www.santamonica.com\/es\/wp-json\/wp\/v2\/media\/428343"}],"wp:attachment":[{"href":"https:\/\/www.santamonica.com\/es\/wp-json\/wp\/v2\/media?parent=428339"}],"wp:term":[{"taxonomy":"post_tag","embeddable":true,"href":"https:\/\/www.santamonica.com\/es\/wp-json\/wp\/v2\/tags?post=428339"},{"taxonomy":"neighborhoods","embeddable":true,"href":"https:\/\/www.santamonica.com\/es\/wp-json\/wp\/v2\/neighborhoods?post=428339"},{"taxonomy":"tribe_events_cat","embeddable":true,"href":"https:\/\/www.santamonica.com\/es\/wp-json\/wp\/v2\/tribe_events_cat?post=428339"}],"curies":[{"name":"wp","href":"https:\/\/api.w.org\/{rel}","templated":true}]}}

En busca de una cura: Melanoma ocular 5K Santa Mónica

<p>“Lookin’ for a Cure” sale este año del Océano Pacífico. Únase a A Cure in Sight y a la USC el sábado 28 de septiembre para caminar o correr estos 5 km. Darán pasos para encontrar una cura para un cáncer ocular poco común, el melanoma ocular. La Sociedad Americana contra el Cáncer estima que cada año se diagnostican aproximadamente 3000 nuevos casos de melanoma ocular. Aquí, en el sur de California, la USC trabaja arduamente para monitorear y tratar a los pacientes con riesgo de melanoma ocular o que padecen una enfermedad metastásica.</p>
<p><a href="https://runsignup.com/Race/CA/SantaMonica/LookinForACureLosAngeles" target="_blank" rel="noopener">Más información.</a></p>
