{"id":113500,"date":"2016-12-02T13:41:00","date_gmt":"2016-12-02T21:41:00","guid":{"rendered":"https:\/\/www.santamonica.com\/?post_type=tribe_events&#038;p=113500"},"modified":"2016-12-02T13:41:00","modified_gmt":"2016-12-02T21:41:00","slug":"teatro-aereo-las-ardenas","status":"publish","type":"tribe_events","link":"https:\/\/www.santamonica.com\/es\/event\/aero-theatre-the-ardennes\/","title":{"rendered":"Aero Theatre presenta: Las Ardenas"},"content":{"rendered":"<p><em>Charla tras la proyecci\u00f3n con el director Robin. <\/em>Pront<em> y el actor principal Kevin Janssens. A continuaci\u00f3n habr\u00e1 una recepci\u00f3n con cerveza belga.<\/em><br \/>\nEl fallido robo que da inicio al debut cinematogr\u00e1fico del director Robin Pront abre una brecha entre dos hermanos: Kenny (Kevin Janssens), condenado por el delito, y Dave (Jeroen Perceval), que logra escapar. Cuando Kenny sale en libertad condicional tras pasar a\u00f1os en prisi\u00f3n, le cuesta adaptarse a la vida normal, mientras que Dave lucha por ocultar su relaci\u00f3n con la exnovia de Kenny (Veerle Baetens). La tensi\u00f3n va en aumento desde el comienzo de este drama hasta su impactante cl\u00edmax en el bosque de las Ardenas, en B\u00e9lgica. En flamenco y franc\u00e9s con subt\u00edtulos en ingl\u00e9s.<\/p>","protected":false},"excerpt":{"rendered":"<p>Discussion after the feature with director Robin Pront and lead actor Kevin Janssens. Belgian beer reception to follow. The botched robbery that kicks off director Robin Pront\u2019s feature debut drives [&hellip;]<\/p>\n","protected":false},"author":1450,"featured_media":113503,"template":"","meta":{"_acf_changed":false,"inline_featured_image":false,"_tribe_events_status":"","_tribe_events_status_reason":"","_tribe_events_is_hybrid":"","_tribe_events_is_virtual":"","_tribe_events_virtual_video_source":"","_tribe_events_virtual_embed_video":"","_tribe_events_virtual_linked_button_text":"","_tribe_events_virtual_linked_button":"","_tribe_events_virtual_show_embed_at":"","_tribe_events_virtual_show_embed_to":[],"_tribe_events_virtual_show_on_event":"","_tribe_events_virtual_show_on_views":"","_tribe_events_virtual_url":"","footnotes":""},"tags":[],"neighborhoods":[3338],"tribe_events_cat":[3595],"class_list":["post-113500","tribe_events","type-tribe_events","status-publish","has-post-thumbnail","hentry","neighborhoods-montana-avenue","tribe_events_cat-theatreperformance","cat_theatreperformance"],"acf":[],"_links":{"self":[{"href":"https:\/\/www.santamonica.com\/es\/wp-json\/wp\/v2\/tribe_events\/113500","targetHints":{"allow":["GET"]}}],"collection":[{"href":"https:\/\/www.santamonica.com\/es\/wp-json\/wp\/v2\/tribe_events"}],"about":[{"href":"https:\/\/www.santamonica.com\/es\/wp-json\/wp\/v2\/types\/tribe_events"}],"author":[{"embeddable":true,"href":"https:\/\/www.santamonica.com\/es\/wp-json\/wp\/v2\/users\/1450"}],"version-history":[{"count":0,"href":"https:\/\/www.santamonica.com\/es\/wp-json\/wp\/v2\/tribe_events\/113500\/revisions"}],"wp:featuredmedia":[{"embeddable":true,"href":"https:\/\/www.santamonica.com\/es\/wp-json\/wp\/v2\/media\/113503"}],"wp:attachment":[{"href":"https:\/\/www.santamonica.com\/es\/wp-json\/wp\/v2\/media?parent=113500"}],"wp:term":[{"taxonomy":"post_tag","embeddable":true,"href":"https:\/\/www.santamonica.com\/es\/wp-json\/wp\/v2\/tags?post=113500"},{"taxonomy":"neighborhoods","embeddable":true,"href":"https:\/\/www.santamonica.com\/es\/wp-json\/wp\/v2\/neighborhoods?post=113500"},{"taxonomy":"tribe_events_cat","embeddable":true,"href":"https:\/\/www.santamonica.com\/es\/wp-json\/wp\/v2\/tribe_events_cat?post=113500"}],"curies":[{"name":"wp","href":"https:\/\/api.w.org\/{rel}","templated":true}]}}

<p><em>Charla tras la proyección con el director Robin. </em>Pront<em> y el actor principal Kevin Janssens. A continuación habrá una recepción con cerveza belga.</em><br />
El fallido robo que da inicio al debut cinematográfico del director Robin Pront abre una brecha entre dos hermanos: Kenny (Kevin Janssens), condenado por el delito, y Dave (Jeroen Perceval), que logra escapar. Cuando Kenny sale en libertad condicional tras pasar años en prisión, le cuesta adaptarse a la vida normal, mientras que Dave lucha por ocultar su relación con la exnovia de Kenny (Veerle Baetens). La tensión va en aumento desde el comienzo de este drama hasta su impactante clímax en el bosque de las Ardenas, en Bélgica. En flamenco y francés con subtítulos en inglés.</p>
